at is the ten thousands digit of 1612094?
1
What is the millions digit of 1857642?
1
What is the hundreds digit of 37473?
4
What is the ten thousands digit of 799995?
9
What is the thousands digit of 7471177?
1
What is the tens digit of 5259542?
4
What is the thousands digit of 2190540?
0
What is the thousands digit of 12174?
2
What is the ten thousands digit of 19432033?
3
What is the ten millions digit of 10660173?
1
What is the units digit of 330098?
8
What is the ten millions digit of 11491909?
1
What is the hundred thousands digit of 743817?
7
What is the thousands digit of 70881?
0
What is the thousands digit of 727228?
7
What is the millions digit of 29252517?
9
What is the hundred thousands digit of 152427?
1
What is the tens digit of 2897796?
9
What is the hundred thousands digit of 9220125?
2
What is the thousands digit of 32187?
2
What is the hundreds digit of 16807?
8
What is the units digit of 1516815?
5
What is the thousands digit of 4410975?
0
What is the ten millions digit of 12398970?
1
What is the hundreds digit of 19826810?
8
What is the hundred thousands digit of 211515?
2
What is the hundreds digit of 6017692?
6
What is the units digit of 1398309?
9
What is the units digit of 2341121?
1
What is the thousands digit of 130061?
0
What is the tens digit of 6681599?
9
What is the tens digit of 495397?
9
What is the hundreds digit of 6973181?
1
What is the units digit of 462761?
1
What is the hundreds digit of 10157103?
1
What is the hundred thousands digit of 719130?
7
What is the hundreds digit of 286560?
5
What is the thousands digit of 476891?
6
What is the hundred thousands digit of 1394665?
3
What is the units digit of 267489?
9
What is the hundred thousands digit of 12679698?
6
What is the thousands digit of 330223?
0
What is the ten thousands digit of 2528775?
2
What is the units digit of 2037304?
4
What is the hundreds digit of 7453709?
7
What is the units digit of 22029139?
9
What is the hundreds digit of 3406742?
7
What is the thousands digit of 7679681?
9
What is the thousands digit of 309137?
9
What is the hundred thousands digit of 2978126?
9
What is the units digit of 58386?
6
What is the hundreds digit of 7008446?
4
What is the hundred thousands digit of 2439710?
4
What is the units digit of 2852422?
2
What is the tens digit of 321695?
9
What is the units digit of 417739?
9
What is the tens digit of 841161?
6
What is the hundreds digit of 11551675?
6
What is the thousands digit of 403476?
3
What is the tens digit of 6136733?
3
What is the millions digit of 2122484?
2
What is the units digit of 701710?
0
What is the units digit of 1010478?
8
What is the thousands digit of 1455633?
5
What is the units digit of 31955922?
2
What is the hundreds digit of 2197690?
6
What is the tens digit of 15949635?
3
What is the ten thousands digit of 258615?
5
What is the hundreds digit of 184070?
0
What is the units digit of 646365?
5
What is the hundred thousands digit of 1588315?
5
What is the ten thousands digit of 2749951?
4
What is the thousands digit of 174068?
4
What is the thousands digit of 511360?
1
What is the ten thousands digit of 812911?
1
What is the thousands digit of 2218573?
8
What is the hundreds digit of 81415?
4
What is the hundred thousands digit of 2485913?
4
What is the thousands digit of 234640?
4
What is the tens digit of 356765?
6
What is the thousands digit of 3787765?
7
What is the thousands digit of 3357529?
7
What is the units digit of 5955805?
5
What is the millions digit of 5744612?
5
What is the hundreds digit of 3436373?
3
What is the units digit of 6465973?
3
What is the hundred thousands digit of 6760139?
7
What is the hundred thousands digit of 1018994?
0
What is the units digit of 372925?
5
What is the ten thousands digit of 2345430?
4
What is the tens digit of 1765313?
1
What is the ten thousands digit of 326856?
2
What is the thousands digit of 429141?
9
What is the ten millions digit of 10694709?
1
What is the units digit of 1312808?
8
What is the tens digit of 3450326?
2
What is the ten thousands digit of 351152?
5
What is the hundred thousands digit of 1496401?
4
What is the units digit of 341891?
1
What is the hundred thousands digit of 566142?
5
What is the ten millions digit of 28241542?
2
What is the millions digit of 5648048?
5
What is the hundreds digit of 348155?
1
What is the millions digit of 7388882?
7
What is the hundreds digit of 565102?
1
What is the tens digit of 15180785?
8
What is the units digit of 13306433?
3
What is the hundreds digit of 4858648?
6
What is the ten thousands digit of 336269?
3
What is the thousands digit of 479835?
9
What is the hundreds digit of 3492317?
3
What is the hundred thousands digit of 463025?
4
What is the ten thousands digit of 97425?
9
What is the ten thousands digit of 5496387?
9
What is the units digit of 5374140?
0
What is the hundreds digit of 295567?
5
What is the tens digit of 908567?
6
What is the thousands digit of 492126?
2
What is the hundreds digit of 518448?
4
What is the tens digit of 1111434?
3
What is the ten thousands digit of 3508312?
0
What is the hundreds digit of 18689?
6
What is the tens digit of 112186?
8
What is the ten thousands digit of 4821784?
2
What is the thousands digit of 38624?
8
What is the units digit of 828776?
6
What is the hundreds digit of 9704186?
1
What is the thousands digit of 9697855?
7
What is the millions digit of 28214164?
8
What is the tens digit of 3711052?
5
What is the tens digit of 406242?
4
What is the hundred thousands digit of 617017?
6
What is the hundred thousands digit of 216269?
2
What is the hundreds digit of 531439?
4
What is the units digit of 1661642?
2
What is the ten millions digit of 10869994?
1
What is the hundred thousands digit of 852720?
8
What is the ten thousands digit of 439975?
3
What is the tens digit of 246695?
9
What is the ten thousands digit of 675428?
7
What is the hundred thousands digit of 291079?
2
What is the units digit of 100675?
5
What is the units digit of 4613377?
7
What is the thousands digit of 182122?
2
What is the hundreds digit of 511242?
2
What is the thousands digit of 10278191?
8
What is the hundreds digit of 60025?
0
What is the thousands digit of 2885181?
5
What is the millions digit of 2281208?
2
What is the units digit of 659608?
8
What is the ten thousands digit of 276425?
7
What is the ten thousands digit of 3615729?
1
What is the hundreds digit of 39044?
0
What is the thousands digit of 11745940?
5
What is the thousands digit of 6846715?
6
What is the hundred thousands digit of 1762558?
7
What is the hundred thousands digit of 3000474?
0
What is the thousands digit of 45883?
5
What is the ten thousands digit of 6235955?
3
What is the units digit of 861032?
2
What is the tens digit of 8095716?
1
What is the ten thousands digit of 15598402?
9
What is the units digit of 1423826?
6
What is the hundred thousands digit of 433739?
4
What is the tens digit of 9838298?
9
What is the tens digit of 2032494?
9
What is the hundreds digit of 27800?
8
What is the millions digit of 1254017?
1
What is the hundred thousands digit of 834077?
8
What is the thousands digit of 49951?
9
What is the thousands digit of 17906?
7
What is the hundreds digit of 367404?
4
What is the tens digit of 124235?
3
What is the tens digit of 1178345?
4
What is the thousands digit of 185572?
5
What is the units digit of 1612264?
4
What is the hundred thousands digit of 143753?
1
What is the units digit of 113828?
8
What is the units digit of 4664526?
6
What is the units digit of 9305634?
4
What is the ten thousands digit of 2629107?
2
What is the units digit of 329731?
1
What is the hundreds digit of 6602224?
2
What is the hundreds digit of 22051?
0
What is the ten thousands digit of 724451?
2
What is the units digit of 124514?
4
What is the ten thousands digit of 24291460?
9
What is the tens digit of 1730822?
2
What is the hundreds digit of 1840641?
6
What is the millions digit of 8617647?
8
What is the units digit of 722162?
2
What is the units digit of 31473799?
9
What is the ten thousands digit of 1815935?
1
What is the ten thousands digit of 294118?
9
What is the ten millions digit of 19412050?
1
What is the hundreds digit of 3167739?
7
What is the hundred thousands di